pose 0 = -4*r - 17 - 3. Let g = -1 - r. Suppose -72 = -0*p - g*p. What are the prime factors of p?
2, 3
Let a = 7 - 3. Suppose a*r - 3 = 5. Suppose 0 = 2*y + r*s - 28, 2*s - 1 = -y + 16. What are the prime factors of y?
11
Let r(g) be the first derivative of -g**3/3 - 9*g**2/2 - 2*g - 7. List the prime factors of r(-8).
2, 3
Suppose -6*c + 5*c + 305 = 0. List the prime factors of c.
5, 61
Suppose 4*y - c = 1, y - 6*y - 4*c - 25 = 0. Let d = 2 - y. What are the prime factors of d?
3
Suppose -7*o + 453 + 401 = 0. What are the prime factors of o?
2, 61
Suppose 2*h - 88 = 54. What are the prime factors of h?
71
Let x(g) = -g**3 + 12*g**2 - 12*g + 1. What are the prime factors of x(10)?
3
Suppose 200 = 4*a + 4*y, 0 = -5*a - 7*y + 6*y + 246. List the prime factors of a.
7
Suppose -7*a - 10 = -2*a. Suppose 0*f - 28 = -4*t + 2*f, 5 = t - f. Let z = a + t. List the prime factors of z.
7
What are the prime factors of (-1990)/(-25) + 7/((-35)/(-2))?
2, 5
Suppose 70 = -3*r + 8*r. List the prime factors of r.
2, 7
Let v = 21 - 8. Let u be 54/(-7) + (-20)/70. Let h = u + v. What are the prime factors of h?
5
Suppose 0*f - f = -36. Let m = f - 1. What are the prime factors of m?
5, 7
Let y(g) = -10*g - 1. Let d be y(2). Let q = d + 65. List the prime factors of q.
2, 11
Let v = -8 + -4. Let f be ((-1)/(-3))/((-2)/v). Suppose f*m = 6*m - 52. List the prime factors of m.
13
Let i = 35 + -8. Suppose -b + i = 2*b. What are the prime factors of b?
3
Let s = 8 - -1. What are the prime factors of s?
3
Suppose -s - 4*v - 7 = 0, v = -2 + 1. Let z be -6 + 0/s + 0. What are the prime factors of (1 - -1)/(z/(-12))?
2
Let s be ((-3)/6)/(1/(-8)). Suppose b + c = s*c + 6, -4 = -2*c. List the prime factors of b.
2, 3
Let i = 5 + 11. Suppose 3*d - 4*k - 3 = 0, -2*k + i + 15 = 5*d. List the prime factors of d.
5
Suppose 3*u - 93 = -f, 0 = -u + 3*u - 2*f - 70. Suppose -4*k + u = 8. List the prime factors of k.
2, 3
What are the prime factors of (18/(-15))/(6/(-50))?
2, 5
Suppose -2*v + 37 = -13. Suppose -3*q - 2*q + v = 0. What are the prime factors of q?
5
Let z = -314 - -483. What are the prime factors of z?
13
Let w = -1 - -5. Suppose p - 1 - 4 = 0. Suppose -p*a + w - 2 = -4*g, 5*a + 5*g = 20. What are the prime factors of a?
2
Suppose i + 9 = -3*v, 6 + 6 = -3*v. Suppose 0 = 4*c - i*c - 6. What are the prime factors of c?
2, 3
Let w be -2 + 2 + 1*2. Suppose 3*r - 4*m - 40 = -w, -5*r = 4*m - 42. Suppose r*n - 5*n = 25. List the prime factors of n.
5
Let f(d) = -d**3 - 4*d**2 + 18*d - 9. What are the prime factors of f(-8)?
103
Suppose -2*l = 2*t + t + 5, 2*t = -l - 5. Suppose -26 - 10 = -5*b - 4*r, l*r - 32 = -3*b. Suppose -b = 5*u - 44. What are the prime factors of u?
2
Let w = 16 + -14. Suppose 0 = w*d + d - 156. List the prime factors of d.
2, 13
Let h be (-1*3)/(-3) - 11. Suppose -5*j + 10*j = -20. Let o = j - h. What are the prime factors of o?
2, 3
Suppose g - 2 = 3. Suppose 2*f + 0*u - 78 = -4*u, g*u = -4*f + 171. List the prime factors of f.
7
Let p(z) = 71*z + 5. Let i be p(-7). List the prime factors of (i/(-18))/((-2)/(-3)).
41
What are the prime factors of (-15)/10*(-236)/3?
2, 59
List the prime factors of 1 - (-28 + (-1)/1).
2, 3, 5
Let x = 36 - 56. Let g = -8 - x. List the prime factors of g.
2, 3
Suppose -3*k + w + 28 = 0, 0 = 5*k - w + 2*w - 60. Suppose 5*v = -g - k, 0 = -2*v + 2*g + 2 - 4. What are the prime factors of v + 1 + (11 - 2)?
2
Let q = -166 - -247. List the prime factors of q.
3
Let u(h) = -h**3 + 2*h**2 - 2*h - 2. Let g be u(-2). Let v be (g/4)/((-2)/(-8)). Suppose r - v = -6. List the prime factors of r.
2, 3
Let c be (3/9)/(2/12). Suppose 4*s - 2*a - 72 = c*a, a + 57 = 4*s. List the prime factors of s.
13
Let q = -2 - -2. Let x(p) be the first derivative of p**2/2 + 9*p + 2. List the prime factors of x(q).
3
Suppose -f + 40 = 3*z, 2*f = -0*z + z - 4. Let o be 53/4 + (-3)/z. Let h = o + -7. List the prime factors of h.
2, 3
Let n(j) be the first derivative of j**4/4 + j**3 - 3*j**2 - 6*j - 5. List the prime factors of n(-4).
2
Let f(h) = h**3 + 11*h**2 - 3*h - 16. What are the prime factors of f(-5)?
149
Let h = 1 - 3. Let a = 0 - h. Suppose a*o + 3 = 4*f + 17, f + 8 = 2*o. List the prime factors of o.
3
Let n(v) = -4*v**2 + 2*v**2 + 0*v**2 + v**2 - 8*v. What are the prime factors of n(-6)?
2, 3
Let u = 5 + -4. Let x be 8 + 1 - (0 + u). List the prime factors of x - (4/(-2) + 2).
2
Let p = 113 - 73. Suppose -3*k - 2*k + p = 0. List the prime factors of k.
2
Suppose -23 - 89 = -4*l. What are the prime factors of l?
2, 7
Suppose -l - i + 3 = -0*l, -5*i = 2*l + 9. Suppose 0 = -h - h - l. List the prime factors of 9/6 - 34/h.
2, 5
Let x(o) = -2*o - 141. Let n be x(0). List the prime factors of 9/12 - n/4.
2, 3
Let m = 5 - 6. What are the prime factors of -3*m*(-12)/(-9)?
2
What are the prime factors of (8/10)/(2/60)?
2, 3
Suppose -16*n + 26 = -102. What are the prime factors of n?
2
Let c = 35 - -72. List the prime factors of c.
107
Let x(g) = -20*g - 24. What are the prime factors of x(-7)?
2, 29
Let b = -17 - -5. What are the prime factors of 3/2*b/(-9)?
2
Let j(y) = -y**2 + 11*y - 5. Suppose -c + 38 = -4*b, c - 4*c + b + 103 = 0. Suppose x + 5*u = c, 31 = 6*x - 2*x - u. What are the prime factors of j(x)?
13
Let k(n) = -4*n**3 - n**2 - 2*n - 1. Let l be k(-1). Let w be (l - (2 - 0)) + 0. List the prime factors of (-2 - 0) + 20/w.
2
Suppose -f - 4 = 1. Let g = 13 + f. Suppose 0 = -m + 2*m - g. List the prime factors of m.
2
List the prime factors of (-5)/(-1 + 6) - -89.
2, 11
Suppose -3*h - 1 = -2*h. Let f = 15 + h. List the prime factors of f.
2, 7
What are the prime factors of 1628/165 + (-4)/(-30)?
2, 5
Suppose 0 = 5*g - 4*p + 1, -2*g - 6 = 4*p. What are the prime factors of 2 - (g + 120/(-4))?
3, 11
Suppose -2*v = d - 4, -3*v - 13 - 7 = -5*d. Suppose v = -2*j + 4 + 4. Suppose j*m = -0*m + 16, o = -5*m + 25. List the prime factors of o.
5
Suppose 4*p - 41 = 5*n, 4 + 1 = -n. Suppose 2*w + 14 = -5*h + p*h, 2*w - 3*h + 14 = 0. Let u = w + 17. What are the prime factors of u?
2, 5
Let f be 1*-9*(-4)/6. Let g be f + (0 - 2) - -2. Suppose -1 = -3*x - 4*w + g, -2*x + 4*w = -18. List the prime factors of x.
5
Suppose -5*h = 41 - 316. List the prime factors of h.
5, 11
What are the prime factors of 5/((-165)/6) - (-56914)/242?
5, 47
Suppose 7*r - 20 = 2*r. Let v = r + -8. Let d(k) = k**3 + 3*k**2 - 4*k + 4. List the prime factors of d(v).
2
Let u(d) be the first derivative of 4*d + 2 + 1/2*d**2. List the prime factors of u(10).
2, 7
Suppose 3*b - 90 = -5*i, -4*i + 0*b + 50 = -2*b. Suppose 0*x - i = 5*x. What are the prime factors of x/4 + 330/24?
13
Let i(d) = 2*d**2 - 13*d - 3. Let n be i(9). List the prime factors of -3*7/(n/(-20)).
2, 5
Let h = -15 + 3. Suppose z + 3*z = 0. Let c = z - h. What are the prime factors of c?
2, 3
Suppose 314 = -10*g + 2124. List the prime factors of g.
181
Suppose -24 = -l + 10. List the prime factors of l.
2, 17
Suppose -2*m + 0*m + 4 = 0. Let o be (-4)/((-24)/45)*m. Let p = o + -6. What are the prime factors of p?
3
Suppose r - 286 = -3*y, 2*y - 2*r = -2*y + 378. Suppose -9*b + 14*b = y. List the prime factors of b.
19
Suppose 4*w + q = 12, 0 = 4*q + 4 - 20. Suppose 2*c - 156 = -c. Suppose -2*k - 22 = -w*o, -4*o - 2*k + c = 2*k. What are the prime factors of o?
2, 3
Let v = -250 - -360. List the prime factors of v.
2, 5, 11
Suppose 15 = 5*d + q + 4*q, -5*d = 4*q - 14. Suppose 1 + 3 = d*m. What are the prime factors of m?
2
Suppose 10*z = 5*z + 125. Suppose -6*b + z = -b. Suppose b*q - 39 = 26. List the prime factors of q.
13
Let g(x) = x**2 - x + 61. List the prime factors of g(0).
61
Let m(t) = -3*t**2 - t - 2*t**2 + t**2 + 5*t**2. Let h be m(3). Let y(s) = -s**2 + 6*s + 3. What are the prime factors of y(h)?
3
Let p be ((-7)/(-1))/(5/30). Suppose 0 = 5*u + 33 + p. What are the prime factors of (1 - u) + 12/(-4)?
13
Let j(b) = 2*b**2 - b - 2. List the prime factors of j(7).
89
Let z = -4 - -6. Suppose 4*j - 7 = -z*i + j, 1 = -i - 3*j. Suppose -f = -2*t + 6, -t + 12 = -4*f + i*f. List the prime factors of f.
2
Suppose 0 = -t + 3*k + 14, -5*t = 5*k - 75 - 15. List the prime factors of t.
17
What are the prime factors of 2/(6/(-3)) + (23 - -3)?
5
Let t be ((-1)/2)/((-2)/(-20)). Let l(o) = 5*o - 7. Let s(r) = 4*r - 